{"id":5062,"date":"2025-03-25T20:01:50","date_gmt":"2025-03-25T20:01:50","guid":{"rendered":"https:\/\/professional.com.ro\/new\/we-support\/"},"modified":"2025-11-05T06:22:12","modified_gmt":"2025-11-05T06:22:12","slug":"we-support","status":"publish","type":"page","link":"https:\/\/professional.com.ro\/new\/it\/we-support\/","title":{"rendered":"Sosteniamo"},"content":{"rendered":"<div class=\"wpb-content-wrapper\"><p>[vc_row wrap_container=&#8221;yes&#8221; el_class=&#8221;pt-3 pb-5 mt-4 mb-5&#8243; css=&#8221;.vc_custom_1748441583945{background-color: #f3eddf !important;}&#8221; conditional_render=&#8221;%5B%7B%22value_role%22%3A%22administrator%22%7D%5D&#8221; css_params=&#8221;&#8221;][vc_column][vc_custom_heading text=&#8221;Sosteniamo e partecipiamo a progetti sostenibili basati su valori che sono alla base del nostro sviluppo&#8221; font_container=&#8221;tag:h2|font_size:35px|text_align:center|line_height:1.3&#8243; use_theme_fonts=&#8221;yes&#8221; font_weight=&#8221;600&#8243; letter_spacing=&#8221;-1.75px&#8221; animation_delay=&#8221;250&#8243; el_class=&#8221;mb-4 mb-lg-3 mb-xl-4&#8243; animation_type=&#8221;fadeInUp&#8221; css_params=&#8221;&#8221;][vc_row_inner][vc_column_inner width=&#8221;1\/2&#8243;][vc_column_text css=&#8221;&#8221; css_params=&#8221;&#8221;]<\/p>\n<div class=\"elementor-element elementor-element-6e5f43c3 elementor-widget elementor-widget-heading animated fadeIn\" data-id=\"6e5f43c3\" data-element_type=\"widget\" data-settings=\"{&quot;_animation&quot;:&quot;fadeIn&quot;}\" data-widget_type=\"heading.default\">\n<div class=\"elementor-widget-container\"><strong class=\"elementor-heading-title elementor-size-default\">I progetti e le organizzazioni pi\u00f9 recenti con cui cerchiamo di contribuire allo sviluppo sostenibile sono:<\/strong><\/div>\n<\/div>\n<div class=\"elementor-element elementor-element-9828738 elementor-widget elementor-widget-image animated bounceIn\" data-id=\"9828738\" data-element_type=\"widget\" data-settings=\"{&quot;_animation&quot;:&quot;bounceIn&quot;}\" data-widget_type=\"image.default\"><\/div>\n<div class=\"elementor-element elementor-element-62263a8c elementor-widget elementor-widget-text-editor animated fadeIn\" data-id=\"62263a8c\" data-element_type=\"widget\" data-settings=\"{&quot;_animation&quot;:&quot;fadeIn&quot;}\" data-widget_type=\"text-editor.default\">\n<div class=\"elementor-widget-container\"><img loading=\"lazy\" decoding=\"async\" class=\"alignnone size-full wp-image-4920\" src=\"https:\/\/professional.com.ro\/new\/wp-content\/uploads\/2025\/08\/vp-1-300x124-1.png\" alt=\"\" width=\"300\" height=\"124\" \/><br \/>\n<a href=\"https:\/\/www.viitorplus.ro\/\">Viitor Plus \u2013 associazione per lo sviluppo sostenibile <\/a> &#8211; \u00e8 un\u2019organizzazione non profit che, dal 2006, realizza progetti di riforestazione, riciclaggio, educazione e sensibilizzazione, produzione di tessuti naturali, costruzione di collettori solari \u2013 iniziative che contribuiscono a risolvere problemi sociali e ambientali in diverse contee del Paese come: Constan\u021ba, C\u0103l\u0103ra\u0219i, Prahova, Ilfov, S\u0103laj e Teleorman, nonch\u00e9 a Bucarest. Tra i progetti pi\u00f9 conosciuti dell\u2019organizzazione, premiati durante la \u201cGala della Societ\u00e0 Civile\u201d, si trovano \u201cAdotta un albero!\u201d, \u201cL\u2019Atelier della tela\u201d, \u201cRecicleta\u201d.<\/div>\n<\/div>\n<p>[\/vc_column_text][\/vc_column_inner][vc_column_inner width=&#8221;1\/2&#8243;][vc_column_text css=&#8221;&#8221; css_params=&#8221;&#8221;]<\/p>\n<div class=\"elementor-element elementor-element-169dcd2 elementor-widget elementor-widget-text-editor animated zoomInRight\" data-id=\"169dcd2\" data-element_type=\"widget\" data-settings=\"{&quot;_animation&quot;:&quot;zoomInRight&quot;}\" data-widget_type=\"text-editor.default\">\n<div class=\"elementor-widget-container\">\n<p><strong>Ateliere F\u0103r\u0103 Frontiere<\/strong> (AFF) \u00e8 un\u2019associazione rumena, creata nel maggio 2008, con lo scopo di favorire l\u2019inclusione sociale, professionale e civica delle persone in grave difficolt\u00e0. Le 3 missioni dell\u2019associazione sono:<\/p>\n<ul>\n<li>la lotta contro l\u2019esclusione<\/li>\n<li>la protezione dell\u2019ambiente<\/li>\n<li>solidariet\u00e0 per progetti di educazione e sviluppo locale<\/li>\n<\/ul>\n<\/div>\n<\/div>\n<div class=\"elementor-element elementor-element-e818329 elementor-widget elementor-widget-image animated bounceIn\" data-id=\"e818329\" data-element_type=\"widget\" data-settings=\"{&quot;_animation&quot;:&quot;bounceIn&quot;}\" data-widget_type=\"image.default\">\n<div class=\"elementor-widget-container\"><img loading=\"lazy\" decoding=\"async\" class=\"alignnone size-full wp-image-4915\" src=\"https:\/\/professional.com.ro\/new\/wp-content\/uploads\/2025\/08\/aff-300x255-1.png\" alt=\"\" width=\"300\" height=\"255\" \/><\/div>\n<\/div>\n<p>[\/vc_column_text][\/vc_column_inner][\/vc_row_inner][\/vc_column][\/vc_row]<\/p>\n<\/div>","protected":false},"excerpt":{"rendered":"<p>[vc_row wrap_container=&#8221;yes&#8221; el_class=&#8221;pt-3 pb-5 mt-4 mb-5&#8243; css=&#8221;.vc_custom_1748441583945{background-color: #f3eddf !important;}&#8221; conditional_render=&#8221;%5B%7B%22value_role%22%3A%22administrator%22%7D%5D&#8221; css_params=&#8221;&#8221;][vc_column][vc_custom_heading text=&#8221;Sosteniamo e partecipiamo a progetti sostenibili basati su valori che sono alla base del nostro sviluppo&#8221; font_container=&#8221;tag:h2|font_size:35px|text_align:center|line_height:1.3&#8243; use_theme_fonts=&#8221;yes&#8221; font_weight=&#8221;600&#8243; letter_spacing=&#8221;-1.75px&#8221; animation_delay=&#8221;250&#8243; el_class=&#8221;mb-4 mb-lg-3 mb-xl-4&#8243; animation_type=&#8221;fadeInUp&#8221; css_params=&#8221;&#8221;][vc_row_inner][vc_column_inner width=&#8221;1\/2&#8243;][vc_column_text css=&#8221;&#8221; css_params=&#8221;&#8221;] I progetti e le organizzazioni pi\u00f9 recenti con cui cerchiamo di contribuire allo sviluppo sostenibile [&hellip;]<\/p>\n","protected":false},"author":1,"featured_media":0,"parent":0,"menu_order":0,"comment_status":"closed","ping_status":"closed","template":"","meta":{"_acf_changed":false,"content-type":"","footnotes":""},"class_list":["post-5062","page","type-page","status-publish","hentry"],"acf":[],"_links":{"self":[{"href":"https:\/\/professional.com.ro\/new\/it\/wp-json\/wp\/v2\/pages\/5062","targetHints":{"allow":["GET"]}}],"collection":[{"href":"https:\/\/professional.com.ro\/new\/it\/wp-json\/wp\/v2\/pages"}],"about":[{"href":"https:\/\/professional.com.ro\/new\/it\/wp-json\/wp\/v2\/types\/page"}],"author":[{"embeddable":true,"href":"https:\/\/professional.com.ro\/new\/it\/wp-json\/wp\/v2\/users\/1"}],"replies":[{"embeddable":true,"href":"https:\/\/professional.com.ro\/new\/it\/wp-json\/wp\/v2\/comments?post=5062"}],"version-history":[{"count":2,"href":"https:\/\/professional.com.ro\/new\/it\/wp-json\/wp\/v2\/pages\/5062\/revisions"}],"predecessor-version":[{"id":5064,"href":"https:\/\/professional.com.ro\/new\/it\/wp-json\/wp\/v2\/pages\/5062\/revisions\/5064"}],"wp:attachment":[{"href":"https:\/\/professional.com.ro\/new\/it\/wp-json\/wp\/v2\/media?parent=5062"}],"curies":[{"name":"wp","href":"https:\/\/api.w.org\/{rel}","templated":true}]}}

<div class="wpb-content-wrapper"><p>[vc_row wrap_container=&#8221;yes&#8221; el_class=&#8221;pt-3 pb-5 mt-4 mb-5&#8243; css=&#8221;.vc_custom_1748441583945{background-color: #f3eddf !important;}&#8221; conditional_render=&#8221;%5B%7B%22value_role%22%3A%22administrator%22%7D%5D&#8221; css_params=&#8221;&#8221;][vc_column][vc_custom_heading text=&#8221;Sosteniamo e partecipiamo a progetti sostenibili basati su valori che sono alla base del nostro sviluppo&#8221; font_container=&#8221;tag:h2|font_size:35px|text_align:center|line_height:1.3&#8243; use_theme_fonts=&#8221;yes&#8221; font_weight=&#8221;600&#8243; letter_spacing=&#8221;-1.75px&#8221; animation_delay=&#8221;250&#8243; el_class=&#8221;mb-4 mb-lg-3 mb-xl-4&#8243; animation_type=&#8221;fadeInUp&#8221; css_params=&#8221;&#8221;][vc_row_inner][vc_column_inner width=&#8221;1/2&#8243;][vc_column_text css=&#8221;&#8221; css_params=&#8221;&#8221;]</p>
<div class="elementor-element elementor-element-6e5f43c3 elementor-widget elementor-widget-heading animated fadeIn" data-id="6e5f43c3" data-element_type="widget" data-settings="{&quot;_animation&quot;:&quot;fadeIn&quot;}" data-widget_type="heading.default">
<div class="elementor-widget-container"><strong class="elementor-heading-title elementor-size-default">I progetti e le organizzazioni più recenti con cui cerchiamo di contribuire allo sviluppo sostenibile sono:</strong></div>
</div>
<div class="elementor-element elementor-element-9828738 elementor-widget elementor-widget-image animated bounceIn" data-id="9828738" data-element_type="widget" data-settings="{&quot;_animation&quot;:&quot;bounceIn&quot;}" data-widget_type="image.default"></div>
<div class="elementor-element elementor-element-62263a8c elementor-widget elementor-widget-text-editor animated fadeIn" data-id="62263a8c" data-element_type="widget" data-settings="{&quot;_animation&quot;:&quot;fadeIn&quot;}" data-widget_type="text-editor.default">
<div class="elementor-widget-container"><img loading="lazy" decoding="async" class="alignnone size-full wp-image-4920" src="https://professional.com.ro/new/wp-content/uploads/2025/08/vp-1-300x124-1.png" alt="" width="300" height="124" /><br />
<a href="https://www.viitorplus.ro/">Viitor Plus – associazione per lo sviluppo sostenibile </a> &#8211; è un’organizzazione non profit che, dal 2006, realizza progetti di riforestazione, riciclaggio, educazione e sensibilizzazione, produzione di tessuti naturali, costruzione di collettori solari – iniziative che contribuiscono a risolvere problemi sociali e ambientali in diverse contee del Paese come: Constanța, Călărași, Prahova, Ilfov, Sălaj e Teleorman, nonché a Bucarest. Tra i progetti più conosciuti dell’organizzazione, premiati durante la “Gala della Società Civile”, si trovano “Adotta un albero!”, “L’Atelier della tela”, “Recicleta”.</div>
</div>
<p>[/vc_column_text][/vc_column_inner][vc_column_inner width=&#8221;1/2&#8243;][vc_column_text css=&#8221;&#8221; css_params=&#8221;&#8221;]</p>
<div class="elementor-element elementor-element-169dcd2 elementor-widget elementor-widget-text-editor animated zoomInRight" data-id="169dcd2" data-element_type="widget" data-settings="{&quot;_animation&quot;:&quot;zoomInRight&quot;}" data-widget_type="text-editor.default">
<div class="elementor-widget-container">
<p><strong>Ateliere Fără Frontiere</strong> (AFF) è un’associazione rumena, creata nel maggio 2008, con lo scopo di favorire l’inclusione sociale, professionale e civica delle persone in grave difficoltà. Le 3 missioni dell’associazione sono:</p>
<ul>
<li>la lotta contro l’esclusione</li>
<li>la protezione dell’ambiente</li>
<li>solidarietà per progetti di educazione e sviluppo locale</li>
</ul>
</div>
</div>
<div class="elementor-element elementor-element-e818329 elementor-widget elementor-widget-image animated bounceIn" data-id="e818329" data-element_type="widget" data-settings="{&quot;_animation&quot;:&quot;bounceIn&quot;}" data-widget_type="image.default">
<div class="elementor-widget-container"><img loading="lazy" decoding="async" class="alignnone size-full wp-image-4915" src="https://professional.com.ro/new/wp-content/uploads/2025/08/aff-300x255-1.png" alt="" width="300" height="255" /></div>
</div>
<p>[/vc_column_text][/vc_column_inner][/vc_row_inner][/vc_column][/vc_row]</p>
</div>

<p>[vc_row wrap_container=&#8221;yes&#8221; el_class=&#8221;pt-3 pb-5 mt-4 mb-5&#8243; css=&#8221;.vc_custom_1748441583945{background-color: #f3eddf !important;}&#8221; conditional_render=&#8221;%5B%7B%22value_role%22%3A%22administrator%22%7D%5D&#8221; css_params=&#8221;&#8221;][vc_column][vc_custom_heading text=&#8221;Sosteniamo e partecipiamo a progetti sostenibili basati su valori che sono alla base del nostro sviluppo&#8221; font_container=&#8221;tag:h2|font_size:35px|text_align:center|line_height:1.3&#8243; use_theme_fonts=&#8221;yes&#8221; font_weight=&#8221;600&#8243; letter_spacing=&#8221;-1.75px&#8221; animation_delay=&#8221;250&#8243; el_class=&#8221;mb-4 mb-lg-3 mb-xl-4&#8243; animation_type=&#8221;fadeInUp&#8221; css_params=&#8221;&#8221;][vc_row_inner][vc_column_inner width=&#8221;1/2&#8243;][vc_column_text css=&#8221;&#8221; css_params=&#8221;&#8221;] I progetti e le organizzazioni più recenti con cui cerchiamo di contribuire allo sviluppo sostenibile [&hellip;]</p>
