{"id":4909,"date":"2025-03-25T20:01:50","date_gmt":"2025-03-25T20:01:50","guid":{"rendered":"https:\/\/professional.com.ro\/new\/we-support\/"},"modified":"2025-08-01T13:53:15","modified_gmt":"2025-08-01T13:53:15","slug":"we-support","status":"publish","type":"page","link":"https:\/\/professional.com.ro\/new\/fr\/we-support\/","title":{"rendered":"Nous soutenons"},"content":{"rendered":"<div class=\"wpb-content-wrapper\"><p>[vc_row wrap_container=\u00a0\u00bbyes\u00a0\u00bb el_class=\u00a0\u00bbpt-3 pb-5 mt-4 mb-5&Prime; css=\u00a0\u00bb.vc_custom_1748441583945{background-color: #f3eddf !important;}\u00a0\u00bb conditional_render=\u00a0\u00bb%5B%7B%22value_role%22%3A%22administrator%22%7D%5D\u00a0\u00bb css_params=\u00a0\u00bb\u00a0\u00bb][vc_column][vc_custom_heading text=\u00a0\u00bbNous nous engageons \u00e0 soutenir des projets durables, en nous concentrant sur les valeurs fondamentales qui soutiennent notre strat\u00e9gie de d\u00e9veloppement, sur le long terme.\u00a0\u00bb font_container=\u00a0\u00bbtag:h2|font_size:35px|text_align:center|line_height:1.3&Prime; use_theme_fonts=\u00a0\u00bbyes\u00a0\u00bb font_weight=\u00a0\u00bb600&Prime; letter_spacing=\u00a0\u00bb-1.75px\u00a0\u00bb animation_delay=\u00a0\u00bb250&Prime; el_class=\u00a0\u00bbmb-4 mb-lg-3 mb-xl-4&Prime; animation_type=\u00a0\u00bbfadeInUp\u00a0\u00bb css_params=\u00a0\u00bb\u00a0\u00bb][vc_row_inner][vc_column_inner width=\u00a0\u00bb1\/2&Prime;][vc_column_text css=\u00a0\u00bb\u00a0\u00bb css_params=\u00a0\u00bb\u00a0\u00bb]<\/p>\n<div class=\"elementor-element elementor-element-6e5f43c3 elementor-widget elementor-widget-heading animated fadeIn\" data-id=\"6e5f43c3\" data-element_type=\"widget\" data-settings=\"{&quot;_animation&quot;:&quot;fadeIn&quot;}\" data-widget_type=\"heading.default\">\n<div class=\"elementor-widget-container\"><strong class=\"elementor-heading-title elementor-size-default\">Ainsi, certaines des organisations aux c\u00f4t\u00e9s desquelles nous soutenons le d\u00e9veloppement durable \u00e0 long terme sont:<\/strong><\/div>\n<\/div>\n<div class=\"elementor-element elementor-element-9828738 elementor-widget elementor-widget-image animated bounceIn\" data-id=\"9828738\" data-element_type=\"widget\" data-settings=\"{&quot;_animation&quot;:&quot;bounceIn&quot;}\" data-widget_type=\"image.default\"><\/div>\n<div class=\"elementor-element elementor-element-62263a8c elementor-widget elementor-widget-text-editor animated fadeIn\" data-id=\"62263a8c\" data-element_type=\"widget\" data-settings=\"{&quot;_animation&quot;:&quot;fadeIn&quot;}\" data-widget_type=\"text-editor.default\">\n<div class=\"elementor-widget-container\"><img loading=\"lazy\" decoding=\"async\" class=\"alignnone size-full wp-image-4921\" src=\"https:\/\/professional.com.ro\/new\/wp-content\/uploads\/2025\/08\/vp-1-300x124-1.png\" alt=\"\" width=\"300\" height=\"124\" \/><br \/>\n<a href=\"https:\/\/www.viitorplus.ro\/\">Viitor Plus-association pour le d\u00e9veloppement durable<\/a> &#8211; est une organisation \u00e0 but non lucratif qui m\u00e8ne depuis 2006 des projets de reboisement, de recyclage, d&rsquo;\u00e9ducation et de sensibilisation, de production de v\u00eatements en textile naturel, de construction de capteurs solaires, des projets qui contribuent \u00e0 r\u00e9soudre les probl\u00e8mes sociaux et environnementaux dans diff\u00e9rents comt\u00e9s du pays comme Constanta, Calarasi, Prahova, Ilfov, Ilfov, Salaj et Teleorman ou \u00e0 Bucarest. Parmi les projets les plus connus de l&rsquo;organisation, r\u00e9compens\u00e9s lors du \u00ab\u00a0Gala de la soci\u00e9t\u00e9 civile\u00a0\u00bb, figurent \u00ab\u00a0Adoptez un arbre !\u00a0\u00bb, \u00ab\u00a0Atelier de toile\u00a0\u00bb, \u00ab\u00a0Recycle\u00a0\u00bb.<\/div>\n<\/div>\n<p>[\/vc_column_text][\/vc_column_inner][vc_column_inner width=\u00a0\u00bb1\/2&Prime;][vc_column_text css=\u00a0\u00bb\u00a0\u00bb css_params=\u00a0\u00bb\u00a0\u00bb]<\/p>\n<div class=\"elementor-element elementor-element-169dcd2 elementor-widget elementor-widget-text-editor animated zoomInRight\" data-id=\"169dcd2\" data-element_type=\"widget\" data-settings=\"{&quot;_animation&quot;:&quot;zoomInRight&quot;}\" data-widget_type=\"text-editor.default\">\n<div class=\"elementor-widget-container\">\n<p><strong>Ateliere F\u0103r\u0103 Frontiere<\/strong> (AFF) est une association roumaine, cr\u00e9\u00e9e en mai 2008, ayant pour objectif l&rsquo;insertion sociale, professionnelle et civique des personnes en grande difficult\u00e9. Les 3 missions de l&rsquo;association sont:<\/p>\n<ul>\n<li>lutte contre l&rsquo;exclusion<\/li>\n<li>protection de l&rsquo;environnement<\/li>\n<li>solidarit\u00e9 pour les projets d&rsquo;\u00e9ducation et de d\u00e9veloppement local<\/li>\n<\/ul>\n<\/div>\n<\/div>\n<div class=\"elementor-element elementor-element-e818329 elementor-widget elementor-widget-image animated bounceIn\" data-id=\"e818329\" data-element_type=\"widget\" data-settings=\"{&quot;_animation&quot;:&quot;bounceIn&quot;}\" data-widget_type=\"image.default\">\n<div class=\"elementor-widget-container\"><img loading=\"lazy\" decoding=\"async\" class=\"alignnone size-full wp-image-4916\" src=\"https:\/\/professional.com.ro\/new\/wp-content\/uploads\/2025\/08\/aff-300x255-1.png\" alt=\"\" width=\"300\" height=\"255\" \/><\/div>\n<\/div>\n<p>[\/vc_column_text][\/vc_column_inner][\/vc_row_inner][\/vc_column][\/vc_row]<\/p>\n<\/div>","protected":false},"excerpt":{"rendered":"<p>[vc_row wrap_container=\u00a0\u00bbyes\u00a0\u00bb el_class=\u00a0\u00bbpt-3 pb-5 mt-4 mb-5&Prime; css=\u00a0\u00bb.vc_custom_1748441583945{background-color: #f3eddf !important;}\u00a0\u00bb conditional_render=\u00a0\u00bb%5B%7B%22value_role%22%3A%22administrator%22%7D%5D\u00a0\u00bb css_params=\u00a0\u00bb\u00a0\u00bb][vc_column][vc_custom_heading text=\u00a0\u00bbNous nous engageons \u00e0 soutenir des projets durables, en nous concentrant sur les valeurs fondamentales qui soutiennent notre strat\u00e9gie de d\u00e9veloppement, sur le long terme.\u00a0\u00bb font_container=\u00a0\u00bbtag:h2|font_size:35px|text_align:center|line_height:1.3&Prime; use_theme_fonts=\u00a0\u00bbyes\u00a0\u00bb font_weight=\u00a0\u00bb600&Prime; letter_spacing=\u00a0\u00bb-1.75px\u00a0\u00bb animation_delay=\u00a0\u00bb250&Prime; el_class=\u00a0\u00bbmb-4 mb-lg-3 mb-xl-4&Prime; animation_type=\u00a0\u00bbfadeInUp\u00a0\u00bb css_params=\u00a0\u00bb\u00a0\u00bb][vc_row_inner][vc_column_inner width=\u00a0\u00bb1\/2&Prime;][vc_column_text css=\u00a0\u00bb\u00a0\u00bb css_params=\u00a0\u00bb\u00a0\u00bb] Ainsi, certaines des organisations aux c\u00f4t\u00e9s [&hellip;]<\/p>\n","protected":false},"author":1,"featured_media":0,"parent":0,"menu_order":0,"comment_status":"closed","ping_status":"closed","template":"","meta":{"_acf_changed":false,"content-type":"","footnotes":""},"class_list":["post-4909","page","type-page","status-publish","hentry"],"acf":[],"_links":{"self":[{"href":"https:\/\/professional.com.ro\/new\/fr\/wp-json\/wp\/v2\/pages\/4909","targetHints":{"allow":["GET"]}}],"collection":[{"href":"https:\/\/professional.com.ro\/new\/fr\/wp-json\/wp\/v2\/pages"}],"about":[{"href":"https:\/\/professional.com.ro\/new\/fr\/wp-json\/wp\/v2\/types\/page"}],"author":[{"embeddable":true,"href":"https:\/\/professional.com.ro\/new\/fr\/wp-json\/wp\/v2\/users\/1"}],"replies":[{"embeddable":true,"href":"https:\/\/professional.com.ro\/new\/fr\/wp-json\/wp\/v2\/comments?post=4909"}],"version-history":[{"count":4,"href":"https:\/\/professional.com.ro\/new\/fr\/wp-json\/wp\/v2\/pages\/4909\/revisions"}],"predecessor-version":[{"id":4925,"href":"https:\/\/professional.com.ro\/new\/fr\/wp-json\/wp\/v2\/pages\/4909\/revisions\/4925"}],"wp:attachment":[{"href":"https:\/\/professional.com.ro\/new\/fr\/wp-json\/wp\/v2\/media?parent=4909"}],"curies":[{"name":"wp","href":"https:\/\/api.w.org\/{rel}","templated":true}]}}

<div class="wpb-content-wrapper"><p>[vc_row wrap_container= »yes » el_class= »pt-3 pb-5 mt-4 mb-5&Prime; css= ».vc_custom_1748441583945{background-color: #f3eddf !important;} » conditional_render= »%5B%7B%22value_role%22%3A%22administrator%22%7D%5D » css_params= » »][vc_column][vc_custom_heading text= »Nous nous engageons à soutenir des projets durables, en nous concentrant sur les valeurs fondamentales qui soutiennent notre stratégie de développement, sur le long terme. » font_container= »tag:h2|font_size:35px|text_align:center|line_height:1.3&Prime; use_theme_fonts= »yes » font_weight= »600&Prime; letter_spacing= »-1.75px » animation_delay= »250&Prime; el_class= »mb-4 mb-lg-3 mb-xl-4&Prime; animation_type= »fadeInUp » css_params= » »][vc_row_inner][vc_column_inner width= »1/2&Prime;][vc_column_text css= » » css_params= » »]</p>
<div class="elementor-element elementor-element-6e5f43c3 elementor-widget elementor-widget-heading animated fadeIn" data-id="6e5f43c3" data-element_type="widget" data-settings="{&quot;_animation&quot;:&quot;fadeIn&quot;}" data-widget_type="heading.default">
<div class="elementor-widget-container"><strong class="elementor-heading-title elementor-size-default">Ainsi, certaines des organisations aux côtés desquelles nous soutenons le développement durable à long terme sont:</strong></div>
</div>
<div class="elementor-element elementor-element-9828738 elementor-widget elementor-widget-image animated bounceIn" data-id="9828738" data-element_type="widget" data-settings="{&quot;_animation&quot;:&quot;bounceIn&quot;}" data-widget_type="image.default"></div>
<div class="elementor-element elementor-element-62263a8c elementor-widget elementor-widget-text-editor animated fadeIn" data-id="62263a8c" data-element_type="widget" data-settings="{&quot;_animation&quot;:&quot;fadeIn&quot;}" data-widget_type="text-editor.default">
<div class="elementor-widget-container"><img loading="lazy" decoding="async" class="alignnone size-full wp-image-4921" src="https://professional.com.ro/new/wp-content/uploads/2025/08/vp-1-300x124-1.png" alt="" width="300" height="124" /><br />
<a href="https://www.viitorplus.ro/">Viitor Plus-association pour le développement durable</a> &#8211; est une organisation à but non lucratif qui mène depuis 2006 des projets de reboisement, de recyclage, d&rsquo;éducation et de sensibilisation, de production de vêtements en textile naturel, de construction de capteurs solaires, des projets qui contribuent à résoudre les problèmes sociaux et environnementaux dans différents comtés du pays comme Constanta, Calarasi, Prahova, Ilfov, Ilfov, Salaj et Teleorman ou à Bucarest. Parmi les projets les plus connus de l&rsquo;organisation, récompensés lors du « Gala de la société civile », figurent « Adoptez un arbre ! », « Atelier de toile », « Recycle ».</div>
</div>
<p>[/vc_column_text][/vc_column_inner][vc_column_inner width= »1/2&Prime;][vc_column_text css= » » css_params= » »]</p>
<div class="elementor-element elementor-element-169dcd2 elementor-widget elementor-widget-text-editor animated zoomInRight" data-id="169dcd2" data-element_type="widget" data-settings="{&quot;_animation&quot;:&quot;zoomInRight&quot;}" data-widget_type="text-editor.default">
<div class="elementor-widget-container">
<p><strong>Ateliere Fără Frontiere</strong> (AFF) est une association roumaine, créée en mai 2008, ayant pour objectif l&rsquo;insertion sociale, professionnelle et civique des personnes en grande difficulté. Les 3 missions de l&rsquo;association sont:</p>
<ul>
<li>lutte contre l&rsquo;exclusion</li>
<li>protection de l&rsquo;environnement</li>
<li>solidarité pour les projets d&rsquo;éducation et de développement local</li>
</ul>
</div>
</div>
<div class="elementor-element elementor-element-e818329 elementor-widget elementor-widget-image animated bounceIn" data-id="e818329" data-element_type="widget" data-settings="{&quot;_animation&quot;:&quot;bounceIn&quot;}" data-widget_type="image.default">
<div class="elementor-widget-container"><img loading="lazy" decoding="async" class="alignnone size-full wp-image-4916" src="https://professional.com.ro/new/wp-content/uploads/2025/08/aff-300x255-1.png" alt="" width="300" height="255" /></div>
</div>
<p>[/vc_column_text][/vc_column_inner][/vc_row_inner][/vc_column][/vc_row]</p>
</div>

<p>[vc_row wrap_container= »yes » el_class= »pt-3 pb-5 mt-4 mb-5&Prime; css= ».vc_custom_1748441583945{background-color: #f3eddf !important;} » conditional_render= »%5B%7B%22value_role%22%3A%22administrator%22%7D%5D » css_params= » »][vc_column][vc_custom_heading text= »Nous nous engageons à soutenir des projets durables, en nous concentrant sur les valeurs fondamentales qui soutiennent notre stratégie de développement, sur le long terme. » font_container= »tag:h2|font_size:35px|text_align:center|line_height:1.3&Prime; use_theme_fonts= »yes » font_weight= »600&Prime; letter_spacing= »-1.75px » animation_delay= »250&Prime; el_class= »mb-4 mb-lg-3 mb-xl-4&Prime; animation_type= »fadeInUp » css_params= » »][vc_row_inner][vc_column_inner width= »1/2&Prime;][vc_column_text css= » » css_params= » »] Ainsi, certaines des organisations aux côtés [&hellip;]</p>
